{"id":33,"date":"2019-03-07T16:55:18","date_gmt":"2019-03-07T16:55:18","guid":{"rendered":"https:\/\/fonvermont.com\/prueba\/?page_id=33"},"modified":"2020-05-04T18:58:36","modified_gmt":"2020-05-04T18:58:36","slug":"novedades-sifone-company","status":"publish","type":"page","link":"https:\/\/www.sifonecompany.com\/site\/novedades-sifone-company\/","title":{"rendered":"Novedades"},"content":{"rendered":"    <!--[section]-->\n\t\t<style>\n.bd-section-1384791407{background-color:#ffffff;padding:2em 7em;}\n@media (max-width: 767px) {.bd-section-1384791407{padding-right:1em;padding-left:1em;}}\n.bd-section-1384791407{\n\tline-height:  27.2px;\n\ttext-align:  center;\n\tcolor:  #333333;\n\tfont-size:  16px;\n}\n.bd-section-1384791407 h4{\n\tline-height:  28.8px;\n\tfont-size:  24px;\n\tfont-weight:  500;\n\tmargin-top:  0.7em;\n\tmargin-bottom:  0.7em;\n}\n.bd-section-1384791407 h2{\n\tline-height:  30px;\n\tfont-size:  20px;\n\tletter-spacing:  1px;\n\tfont-weight:  400;\n\tfont-style:  italic;\n}\n.bd-section-1384791407 h1{\n\tline-height:  60px;\n\tfont-weight:  500;\n\tfont-size:  40px;\n\ttext-transform:  none;\n\tletter-spacing:  1px;\n\tcolor:  #333333;\n\tfont-family:  Roboto, Arial, 'Arial Unicode MS', Helvetica, sans-serif;\n}\n\n@media (max-width: 991px) {.bd-section-1384791407 h1{\n\tline-height:  42px;\n\tfont-size:  28px;\n}\n}\n@media (max-width: 767px) {.bd-section-1384791407 h1{\n\tline-height:  34.2857143px;\n\tfont-size:  24px;\n\tfont-weight:  bold;\n}\n}<\/style>\t\t<section id=section4 class=\" bd-section-1384791407  bd-tagstyles\" data-section-title=\"Six Columns With Header\">\n\t\t\t<div class=\"bd-container-inner bd-margins clearfix\">\n\t\t\t\t<!--{content}-->\n\t\t\t\t\t    <!--[columns]-->\n        <style>\n.bd-layoutcontainer-1917725298 > .bd-container-inner > .container-fluid > .row{height:calc(120%);margin:-10px;}\n.bd-layoutcontainer-1917725298 > .bd-container-inner > .container-fluid > .row > div{padding:10px;}\n.bd-layoutcontainer-1917725298  > .bd-container-inner > .container-fluid:after{display:none;}<\/style><style>\n.bd-layoutcontainer-1917725298 > .bd-container-inner > .container-fluid, .bd-layoutcontainer-1917725298 > .bd-container-inner > .container-fluid > .row{height:100%;}<\/style><style>.bd-layoutcontainer-1917725298 > .bd-container-inner > .container-fluid {padding-left: 0; padding-right: 0;}<\/style>        <style><\/style>        <div class=\" bd-layoutcontainer-1917725298  bd-columns bd-no-margins\">\n            <div class=\"bd-container-inner\">\n                <div class=\"container-fluid\">\n                    <div class=\"row bd-row-flex bd-row-align-top\">\n                        <!--{content}-->\n                                <!--[column]-->\n        <div class=\"col-xs-12 bd-columnwrapper-1611204273\">\n            <div class=\"bd-column  bd-layoutcolumn-1611204273 \">\n                <div class=\"bd-vertical-align-wrapper\">\n                    <!--{content}-->\n                            <!--[text]-->\n        <style>\n.additional-class-837716758{margin:0px;}\n@media (max-width: 767px) {.additional-class-837716758{margin-bottom:10px;}}\nh1.additional-class-837716758{\n\tfont-family:  Roboto, Arial, 'Arial Unicode MS', Helvetica, sans-serif;\n}\n<\/style>        <h1 class=\" additional-class-837716758  bd-no-margins bd-content-element\">\n            <!--{content}-->\n                <b>Novedades<\/b> <b>Sifone Company<\/b>            <!--{\/content}-->\n        <\/h1>\n    <!--[\/text]-->\n\n\t\n\t\t\n    <!--[separator]-->\n    <style>\n.bd-separator-1267475377{margin-bottom:0.5em;padding:10px 0px;}<\/style>        <style>\n.bd-separator-1267475377 .bd-separator-inner:before, .bd-separator-1267475377 .bd-separator-inner:after{border-top:1px solid #dddddd;}<\/style>    <style>\n.bd-separator-1267475377 .bd-separator-inner{width:20%;}<\/style>\n    <div class=\" bd-separator-1267475377  bd-separator-center bd-separator-content-center clearfix\">\n        <div class=\"bd-container-inner\">\n            <div class=\"bd-separator-inner\">\n                                <!--{content}--><!--{\/content}-->\n            <\/div>\n        <\/div>\n    <\/div>\n    <!--[\/separator]-->\n\n    \n\t\n\t\t<!--[layoutbox]--><style>\n.additional-class-695962368{-webkit-box-shadow:0px 0px 6px 0px rgba(51, 51, 51, 0.25);-o-box-shadow:0px 0px 6px 0px rgba(51, 51, 51, 0.25);-ms-box-shadow:0px 0px 6px 0px rgba(51, 51, 51, 0.25);-moz-box-shadow:0px 0px 6px 0px rgba(51, 51, 51, 0.25);box-shadow:0px 0px 6px 0px rgba(51, 51, 51, 0.25);}<\/style><div class=\"clearfix  additional-class-695962368  bd-no-margins\"><div class=\"bd-container-inner\"><!--{content}-->    <!--[slider]-->\n        <style>\n.additional-class-11747009{width:100%;height:80vh;}\n@media (max-width: 991px) {.additional-class-11747009{height:70vh;}}\n@media (max-width: 767px) {.additional-class-11747009{height:30vh;}}<\/style>\n<style>.additional-class-11747009 .bd-slide > .bd-container-inner {\n            max-width: none;\n        }<\/style><style>\n.indicators_additional-class-11747009{text-align:center;vertical-align:bottom;}<\/style><style>.indicators_additional-class-11747009:before{vertical-align:bottom;}<\/style>        <style>\n.additional-class-1426284136{background-image:url(https:\/\/www.sifonecompany.com\/site\/wp-content\/uploads\/2020\/05\/b86c95ad2d0fee9b0ba90559a5386dec_TrebolSifoneSoftwareparaCooperativas-scaled.jpg);background-repeat:no-repeat;background-attachment:scroll;background-position:center center;background-size:100% 100%;}\n\n.additional-class-1062486559{background-image:url(https:\/\/www.sifonecompany.com\/site\/wp-content\/uploads\/2020\/04\/d807d6f0a3edf6bcd2107da35c43df8b_Medidasdealivio1001.jpg);background-repeat:no-repeat;background-attachment:scroll;background-position:center center;background-size:100% 100%;}\n\n.additional-class-1221684565{background-image:url(https:\/\/www.sifonecompany.com\/site\/wp-content\/uploads\/2020\/04\/4b4124d1786d6b36b8eb5511bfe897ee_imagen1100.jpg);background-repeat:no-repeat;background-attachment:scroll;background-position:center center;background-size:100% 100%;}\n\n.additional-class-1478066130{background-image:url(https:\/\/www.sifonecompany.com\/site\/wp-content\/uploads\/2020\/04\/026920d626a36c9b8bad0555e1fa7c3c_FirmaElectronicaimagen1001.jpg);background-repeat:no-repeat;background-attachment:scroll;background-position:center center;background-size:100% 100%;}\n\n.additional-class-993356048{background-image:url(https:\/\/www.sifonecompany.com\/site\/wp-content\/uploads\/2020\/04\/e5d0a4e964547e3e0fa4a2bce9bbf039_PushPSE1001.jpg);background-repeat:no-repeat;background-attachment:scroll;background-position:center center;background-size:100% 100%;}<\/style>        <div id=\"carousel-69f1ca68d7cfe\" class=\"bd-slider bd-no-margins  additional-class-11747009  bd-carousel-left carousel slide\">\n            <div class=\"bd-container-inner\"><div class=\"bd-slider-indicators  indicators_additional-class-11747009 \"><ol class=\"bd-indicators-18 bd-no-margins\"><li><a class=\" active\" href=\"#\" data-target=\"#carousel-69f1ca68d7cfe\" data-slide-to=\"0\"><\/a><\/li> <li><a class=\"\" href=\"#\" data-target=\"#carousel-69f1ca68d7cfe\" data-slide-to=\"1\"><\/a><\/li> <li><a class=\"\" href=\"#\" data-target=\"#carousel-69f1ca68d7cfe\" data-slide-to=\"2\"><\/a><\/li> <li><a class=\"\" href=\"#\" data-target=\"#carousel-69f1ca68d7cfe\" data-slide-to=\"3\"><\/a><\/li> <li><a class=\"\" href=\"#\" data-target=\"#carousel-69f1ca68d7cfe\" data-slide-to=\"4\"><\/a><\/li> <\/ol><\/div><div class=\"bd-slides carousel-inner\"><!--{content}-->    <!--[slide]-->\n        <div class=\" additional-class-1426284136  bd-slide item active\"\n             data-url=\"https:\/\/www.sifonecompany.com\/site\/contacto\/?utm_source=homewebpage&amp;utm_medium=web&amp;utm_campaign=cooworkerslab\"                          data-title=\"M\u00e1s informaci\u00f3n\">\n            <div class=\"bd-container-inner\">\n                <div class=\"bd-container-inner-wrapper\">\n                    <!--{content}-->\n                                            <!--{\/content}-->\n                <\/div>\n            <\/div>\n        <\/div>\n    <!--[\/slide]-->\n\n\t\n\t\t    <!--[slide]-->\n        <div class=\" additional-class-1062486559  bd-slide item\"\n             data-url=\"https:\/\/www.sifonecompany.com\/site\/contacto\/\"                          data-title=\"M\u00e1s informaci\u00f3n\">\n            <div class=\"bd-container-inner\">\n                <div class=\"bd-container-inner-wrapper\">\n                    <!--{content}-->\n                                            <!--{\/content}-->\n                <\/div>\n            <\/div>\n        <\/div>\n    <!--[\/slide]-->\n\n\t\n\t\t    <!--[slide]-->\n        <div class=\" additional-class-1221684565  bd-slide item\"\n             data-url=\"https:\/\/www.sifonecompany.com\/site\/contacto\/\"                          >\n            <div class=\"bd-container-inner\">\n                <div class=\"bd-container-inner-wrapper\">\n                    <!--{content}-->\n                                            <!--{\/content}-->\n                <\/div>\n            <\/div>\n        <\/div>\n    <!--[\/slide]-->\n\n\t\n\t\t    <!--[slide]-->\n        <div class=\" additional-class-1478066130  bd-slide item\"\n             data-url=\"https:\/\/www.sifonecompany.com\/site\/contacto\/\"                          >\n            <div class=\"bd-container-inner\">\n                <div class=\"bd-container-inner-wrapper\">\n                    <!--{content}-->\n                                            <!--{\/content}-->\n                <\/div>\n            <\/div>\n        <\/div>\n    <!--[\/slide]-->\n\n\t\n\t\t    <!--[slide]-->\n        <div class=\" additional-class-993356048  bd-slide item\"\n             data-url=\"https:\/\/www.sifonecompany.com\/site\/contacto\/\"                          >\n            <div class=\"bd-container-inner\">\n                <div class=\"bd-container-inner-wrapper\">\n                    <!--{content}-->\n                                            <!--{\/content}-->\n                <\/div>\n            <\/div>\n        <\/div>\n    <!--[\/slide]-->\n<!--{\/content}--><\/div><div class=\"bd-left-button\">\n    <a class=\"bd-carousel-23\">\n        <span class=\"bd-icon\"><\/span>\n    <\/a>\n<\/div>\n<div class=\"bd-right-button\">\n    <a class=\"bd-carousel-23\">\n        <span class=\"bd-icon\"><\/span>\n    <\/a>\n<\/div><\/div>            <script type=\"text\/javascript\">\n                if ('undefined' !== typeof initSlider) {\n                    initSlider(\n                        '#carousel-69f1ca68d7cfe',\n                        {\n                            leftButtonSelector: 'bd-left-button',\n                            rightButtonSelector: 'bd-right-button',\n                            navigatorSelector: '.bd-carousel-23',\n                            indicatorsSelector: '.bd-indicators-18.bd-no-margins',\n                            carouselInterval: 8000,\n                            carouselPause: 'hover',\n                            carouselWrap: true,\n                            carouselRideOnStart: true                        }\n                    );\n                }\n            <\/script>\n        <\/div>\n    <!--[\/slider]-->\n<!--{\/content}--><\/div><\/div><!--[\/layoutbox]-->                    <!--{\/content}-->\n                <\/div>\n            <\/div>\n        <\/div>\n    <!--[\/column]-->\n                        <!--{\/content}-->\n                    <\/div>\n                <\/div>\n            <\/div>\n        <\/div>\n    <!--[\/columns]-->\n\t\t\t\t<!--{\/content}-->\n\t\t\t<\/div>\n\t\t<\/section>\n\t<!--[\/section]-->\n\n","protected":false},"excerpt":{"rendered":"","protected":false},"author":1,"featured_media":0,"parent":0,"menu_order":0,"comment_status":"closed","ping_status":"closed","template":"","meta":{"_joinchat":[]},"yoast_head":"<!-- This site is optimized with the Yoast SEO plugin v20.0 - https:\/\/yoast.com\/wordpress\/plugins\/seo\/ -->\r\n<title>Novedades - Sifone Company<\/title>\r\n<meta name=\"description\" content=\"Conozca las novedades, noticias y promociones m\u00e1s recientes de Sifone Company, su programa contable para cooperativas y fondos de empleados.\" \/>\r\n<meta name=\"robots\" content=\"noindex, follow\" \/>\r\n<meta property=\"og:locale\" content=\"es_ES\" \/>\r\n<meta property=\"og:type\" content=\"article\" \/>\r\n<meta property=\"og:title\" content=\"Novedades - Sifone Company\" \/>\r\n<meta property=\"og:description\" content=\"Conozca las novedades, noticias y promociones m\u00e1s recientes de Sifone Company, su programa contable para cooperativas y fondos de empleados.\" \/>\r\n<meta property=\"og:url\" content=\"https:\/\/www.sifonecompany.com\/site\/novedades-sifone-company\/\" \/>\r\n<meta property=\"og:site_name\" content=\"Sifone Company\" \/>\r\n<meta property=\"article:publisher\" content=\"https:\/\/web.facebook.com\/sifone.company\" \/>\r\n<meta property=\"article:modified_time\" content=\"2020-05-04T18:58:36+00:00\" \/>\r\n<meta name=\"twitter:card\" content=\"summary_large_image\" \/>\r\n<meta name=\"twitter:site\" content=\"@sifonec\" \/>\r\n<meta name=\"twitter:label1\" content=\"Tiempo de lectura\" \/>\n\t<meta name=\"twitter:data1\" content=\"2 minutos\" \/>\r\n<script type=\"application\/ld+json\" class=\"yoast-schema-graph\">{\"@context\":\"https:\/\/schema.org\",\"@graph\":[{\"@type\":\"WebPage\",\"@id\":\"https:\/\/www.sifonecompany.com\/site\/novedades-sifone-company\/\",\"url\":\"https:\/\/www.sifonecompany.com\/site\/novedades-sifone-company\/\",\"name\":\"Novedades - Sifone Company\",\"isPartOf\":{\"@id\":\"https:\/\/www.sifonecompany.com\/site\/#website\"},\"datePublished\":\"2019-03-07T16:55:18+00:00\",\"dateModified\":\"2020-05-04T18:58:36+00:00\",\"description\":\"Conozca las novedades, noticias y promociones m\u00e1s recientes de Sifone Company, su programa contable para cooperativas y fondos de empleados.\",\"breadcrumb\":{\"@id\":\"https:\/\/www.sifonecompany.com\/site\/novedades-sifone-company\/#breadcrumb\"},\"inLanguage\":\"es\",\"potentialAction\":[{\"@type\":\"ReadAction\",\"target\":[\"https:\/\/www.sifonecompany.com\/site\/novedades-sifone-company\/\"]}]},{\"@type\":\"BreadcrumbList\",\"@id\":\"https:\/\/www.sifonecompany.com\/site\/novedades-sifone-company\/#breadcrumb\",\"itemListElement\":[{\"@type\":\"ListItem\",\"position\":1,\"name\":\"Portada\",\"item\":\"https:\/\/www.sifonecompany.com\/site\/\"},{\"@type\":\"ListItem\",\"position\":2,\"name\":\"Novedades\"}]},{\"@type\":\"WebSite\",\"@id\":\"https:\/\/www.sifonecompany.com\/site\/#website\",\"url\":\"https:\/\/www.sifonecompany.com\/site\/\",\"name\":\"Sifone Company\",\"description\":\"Software para Cooperativas de Ahorro y Cr\u00e9dito - Aporte y Cr\u00e9dito | Fondos de Empleados | Sistema de Gesti\u00f3n para Entidades de Cr\u00e9dito, Financieras y Mutuales\",\"publisher\":{\"@id\":\"https:\/\/www.sifonecompany.com\/site\/#organization\"},\"potentialAction\":[{\"@type\":\"SearchAction\",\"target\":{\"@type\":\"EntryPoint\",\"urlTemplate\":\"https:\/\/www.sifonecompany.com\/site\/?s={search_term_string}\"},\"query-input\":\"required name=search_term_string\"}],\"inLanguage\":\"es\"},{\"@type\":\"Organization\",\"@id\":\"https:\/\/www.sifonecompany.com\/site\/#organization\",\"name\":\"Sifone Company\",\"url\":\"https:\/\/www.sifonecompany.com\/site\/\",\"logo\":{\"@type\":\"ImageObject\",\"inLanguage\":\"es\",\"@id\":\"https:\/\/www.sifonecompany.com\/site\/#\/schema\/logo\/image\/\",\"url\":\"https:\/\/www.sifonecompany.com\/site\/wp-content\/uploads\/2019\/07\/Sifone-Company.png\",\"contentUrl\":\"https:\/\/www.sifonecompany.com\/site\/wp-content\/uploads\/2019\/07\/Sifone-Company.png\",\"width\":366,\"height\":99,\"caption\":\"Sifone Company\"},\"image\":{\"@id\":\"https:\/\/www.sifonecompany.com\/site\/#\/schema\/logo\/image\/\"},\"sameAs\":[\"https:\/\/www.linkedin.com\/in\/sifonecompany\/\",\"https:\/\/www.youtube.com\/channel\/UCVhLJXfxEkgNX3pI2lkgEFw\",\"https:\/\/web.facebook.com\/sifone.company\",\"https:\/\/twitter.com\/sifonec\"]}]}<\/script>\r\n<!-- \/ Yoast SEO plugin. -->","yoast_head_json":{"title":"Novedades - Sifone Company","description":"Conozca las novedades, noticias y promociones m\u00e1s recientes de Sifone Company, su programa contable para cooperativas y fondos de empleados.","robots":{"index":"noindex","follow":"follow"},"og_locale":"es_ES","og_type":"article","og_title":"Novedades - Sifone Company","og_description":"Conozca las novedades, noticias y promociones m\u00e1s recientes de Sifone Company, su programa contable para cooperativas y fondos de empleados.","og_url":"https:\/\/www.sifonecompany.com\/site\/novedades-sifone-company\/","og_site_name":"Sifone Company","article_publisher":"https:\/\/web.facebook.com\/sifone.company","article_modified_time":"2020-05-04T18:58:36+00:00","twitter_card":"summary_large_image","twitter_site":"@sifonec","twitter_misc":{"Tiempo de lectura":"2 minutos"},"schema":{"@context":"https:\/\/schema.org","@graph":[{"@type":"WebPage","@id":"https:\/\/www.sifonecompany.com\/site\/novedades-sifone-company\/","url":"https:\/\/www.sifonecompany.com\/site\/novedades-sifone-company\/","name":"Novedades - Sifone Company","isPartOf":{"@id":"https:\/\/www.sifonecompany.com\/site\/#website"},"datePublished":"2019-03-07T16:55:18+00:00","dateModified":"2020-05-04T18:58:36+00:00","description":"Conozca las novedades, noticias y promociones m\u00e1s recientes de Sifone Company, su programa contable para cooperativas y fondos de empleados.","breadcrumb":{"@id":"https:\/\/www.sifonecompany.com\/site\/novedades-sifone-company\/#breadcrumb"},"inLanguage":"es","potentialAction":[{"@type":"ReadAction","target":["https:\/\/www.sifonecompany.com\/site\/novedades-sifone-company\/"]}]},{"@type":"BreadcrumbList","@id":"https:\/\/www.sifonecompany.com\/site\/novedades-sifone-company\/#breadcrumb","itemListElement":[{"@type":"ListItem","position":1,"name":"Portada","item":"https:\/\/www.sifonecompany.com\/site\/"},{"@type":"ListItem","position":2,"name":"Novedades"}]},{"@type":"WebSite","@id":"https:\/\/www.sifonecompany.com\/site\/#website","url":"https:\/\/www.sifonecompany.com\/site\/","name":"Sifone Company","description":"Software para Cooperativas de Ahorro y Cr\u00e9dito - Aporte y Cr\u00e9dito | Fondos de Empleados | Sistema de Gesti\u00f3n para Entidades de Cr\u00e9dito, Financieras y Mutuales","publisher":{"@id":"https:\/\/www.sifonecompany.com\/site\/#organization"},"potentialAction":[{"@type":"SearchAction","target":{"@type":"EntryPoint","urlTemplate":"https:\/\/www.sifonecompany.com\/site\/?s={search_term_string}"},"query-input":"required name=search_term_string"}],"inLanguage":"es"},{"@type":"Organization","@id":"https:\/\/www.sifonecompany.com\/site\/#organization","name":"Sifone Company","url":"https:\/\/www.sifonecompany.com\/site\/","logo":{"@type":"ImageObject","inLanguage":"es","@id":"https:\/\/www.sifonecompany.com\/site\/#\/schema\/logo\/image\/","url":"https:\/\/www.sifonecompany.com\/site\/wp-content\/uploads\/2019\/07\/Sifone-Company.png","contentUrl":"https:\/\/www.sifonecompany.com\/site\/wp-content\/uploads\/2019\/07\/Sifone-Company.png","width":366,"height":99,"caption":"Sifone Company"},"image":{"@id":"https:\/\/www.sifonecompany.com\/site\/#\/schema\/logo\/image\/"},"sameAs":["https:\/\/www.linkedin.com\/in\/sifonecompany\/","https:\/\/www.youtube.com\/channel\/UCVhLJXfxEkgNX3pI2lkgEFw","https:\/\/web.facebook.com\/sifone.company","https:\/\/twitter.com\/sifonec"]}]}},"_links":{"self":[{"href":"https:\/\/www.sifonecompany.com\/site\/wp-json\/wp\/v2\/pages\/33"}],"collection":[{"href":"https:\/\/www.sifonecompany.com\/site\/wp-json\/wp\/v2\/pages"}],"about":[{"href":"https:\/\/www.sifonecompany.com\/site\/wp-json\/wp\/v2\/types\/page"}],"author":[{"embeddable":true,"href":"https:\/\/www.sifonecompany.com\/site\/wp-json\/wp\/v2\/users\/1"}],"replies":[{"embeddable":true,"href":"https:\/\/www.sifonecompany.com\/site\/wp-json\/wp\/v2\/comments?post=33"}],"version-history":[{"count":15,"href":"https:\/\/www.sifonecompany.com\/site\/wp-json\/wp\/v2\/pages\/33\/revisions"}],"predecessor-version":[{"id":1747,"href":"https:\/\/www.sifonecompany.com\/site\/wp-json\/wp\/v2\/pages\/33\/revisions\/1747"}],"wp:attachment":[{"href":"https:\/\/www.sifonecompany.com\/site\/wp-json\/wp\/v2\/media?parent=33"}],"curies":[{"name":"wp","href":"https:\/\/api.w.org\/{rel}","templated":true}]}}